-7
Let d(h) = h**3 + h**2 - h + 1. Let x be d(0). Let k(f) = -11*f**3 + f - 7. Let n(b) = 10*b**3 - b + 6. Let p(t) = -6*k(t) - 7*n(t). Determine p(x).
-3
Let u(c) = -c + 2. Let p(r) = -1. Let f(a) = -2*p(a) + u(a). What is f(6)?
-2
Let j = -2 + 6. Let q(h) = 5*h - 12 - 2*h - j*h. Calculate q(-6).
-6
Let n be 2 - (1 - (-1 - -1)). Let u = n + 1. Suppose -3*a - 20 = -9*p + 4*p, 5*p - 20 = -u*a. Let w(c) = -c**3 - c**2 + c + 6. Determine w(a).
6
Suppose 3*i + 5 = -4*c + 6*i, -2*c + 3*i + 5 = 0. Let b = c + 1. Let z(u) = -u**2 - 4*u + 1. Calculate z(b).
1
Let w(h) = 306 - 3*h + h - 303 + 4*h. Determine w(-3).
-3
Let d(b) = b - b + 6 - b. Let p be d(6). Let k(m) = 6 + 0*m - 5*m + p*m - m**2. Determine k(-5).
6
Let u(o) = o**2 - 7*o - 2. Suppose -6*q = -5*q - 2. Suppose -x - q = -7. Calculate u(x).
-12
Let p(b) = b**3 + 5*b**2 - 1. Let r(u) = -u**2 + 8*u + 4. Let y be (-20)/(-8)*36/10. Let g be r(y). Determine p(g).
-1
Let q(k) = -k**3 + 4*k**2 - 2*k. Let f be q(1). Let r(n) = -22*n**2 - 1. Calculate r(f).
-23
Suppose 0 = k + 3 - 6. Let p = 8 - k. Let z(h) = h - 3. Calculate z(p).
2
Let s(f) = -5*f + 9. Let v(q) = q**2 - 1. Let b = -12 + 13. Let z(x) = b*s(x) - v(x). Determine z(-7).
-4
Let v(o) = -o**3 + 6*o**2 - 6*o + 5. Let w be v(5). Let c(h) = 109*h - 3 - 108*h + 0. Determine c(w).
-3
Let c(x) be the first derivative of -x**3/3 - 7*x**2/2 - 4*x - 2. Let p = -323 - -316. Give c(p).
-4
Let i = -7 + 9. Suppose 0 = 5*o + 5*l - 7*l, i*l - 16 = -3*o. Let c(a) be the second derivative of a**3/2 + a**2 - 2*a. Give c(o).
8
Suppose a - 3 + 0 = 0. Suppose -4*i + 1 = 5*f - 3, a*i = 4*f + 3. Let q(x) = x + f*x + 8 - 1. What is q(-5)?
2
Let m(i) = -i + 12. Let w = -198 + 203. What is m(w)?
7
Suppose -7*o = -2*o. Suppose 5*k - 15 = -5*g, g + o = -3*k + 11. Let h(f) = 6*f**3 - f**2 + f + 1. Determine h(g).
-7
Let v be (0 - (-2)/4)*6. Let j(x) = -x**3 + 3*x**2 + 4*x + 1. Calculate j(v).
13
Suppose 12 = 2*i + 3*x - 9, -2*i + 5*x - 19 = 0. Let w(k) be the first derivative of -k**3/3 + 2*k**2 + k + 14. What is w(i)?
4
Let p(c) = 2*c + 2. Let n be p(6). Let m be 4/n + 38/14. Let y(v) = -v - 2*v**3 - 4*v**3 + 7*v**m. What is y(1)?
0
Let b be (338/(-6))/13 - (-2)/(-3). Let c(q) = 2*q**2 + 6*q - 2. Calculate c(b).
18
Let p(z) be the second derivative of -1/2*z**3 + 0 + 1/12*z**4 + 3/2*z**2 + 3*z. What is p(2)?
1
Suppose -2*w = w + 21. Let h = w + 11. Let p(y) = -y**2 - 1 - 3 + 3*y - 1. What is p(h)?
-9
Suppose 0 = 2*d + 2*d - 2*j - 4, 0 = -d + 4*j + 15. Let q(i) = -12*i**3 - 2*i**2 - i. What is q(d)?
11
Let b(p) = -15*p. Let g be (2 - 1)/(3 + -2). Determine b(g).
-15
Suppose 2*i + 4*t = -12, -i - i = 5*t + 17. Let g(q) = -q**2 + 6*q - 1. What is g(i)?
7
Suppose -3*p - 1 = -b + 2, -16 = -2*b - 4*p. Let g(j) = -j**3 + 7*j**2 - 9*j + 8. Give g(b).
-10
Suppose -3*b + j = -0*b + 17, 0 = -b + 2*j - 4. Let k(m) = -m**3 - 7*m**2 - 7*m. Give k(b).
6
Let j(a) be the first derivative of a**5/60 + a**4/12 - a**3/2 - a**2 + 6. Let v(k) be the second derivative of j(k). Give v(-3).
0
Let k(l) be the first derivative of l**4/4 - 2. Suppose 0 = -0*y - 5*y. What is k(y)?
0
Let h be -22 - -8*4/8. Let d be 15/(-20) - h/(-8). Let c(m) = -2*m**2 - 4*m + 1. Calculate c(d).
-5
Let s be ((-30)/(-25))/(2/5). Let y(c) = 0*c + s*c - c + c. Determine y(-2).
-6
Let h(u) = 0*u + 3*u - 4*u - 5. Let k be h(-6). Suppose 5*b = 2*r + k, -5*b + r = -4 + 1. Let s(c) = -3*c**3 - c**2 - c + 1. What is s(b)?
-4
Let r(u) = 2*u**3 + 15*u**2 + 7*u + 6. Let y be r(-7). Let q(p) be the first derivative of -p**2/2 + p + 1. What is q(y)?
-5
Suppose 3*v - 5 = -2. Let r(s) = -131*s + 0 + v + 133*s. Determine r(-3).
-5
Let v(q) = 3*q + 1. Let p(z) = z + 1. Suppose -s + 5 = -2*s. Let t(r) = s*p(r) + 2*v(r). Suppose 2*f - 5*f = 0. Calculate t(f).
-3
Suppose -2*v = -69 + 15. Let n(h) = -2*h - 31 + h + v. Calculate n(5).
-9
Suppose 5*m - 2 + 17 = -5*y, 0 = -4*y - 5*m - 17. Suppose 3*x + 5 = -y*x. Let k(w) = w**2 - w. Give k(x).
2
Let u(t) = -22*t + 22*t + 21 + t**2. Determine u(0).
21
Let f(c) = -2*c + 3. Let b(v) = -8*v + 11. Let w(p) = -2*b(p) + 9*f(p). Give w(6).
-7
Suppose -7*j = 17 - 3. Let g(c) = -4*c - 2*c - 3 + 1. Calculate g(j).
10
Let b(x) = -4 - 3*x + 1 + 2*x + 0. Let v(r) = -6*r**2 + 2*r - 1. Let y be v(1). Give b(y).
2
Suppose -27 = -3*d - 9. Let x(a) be the second derivative of a**5/20 - 7*a**4/12 + 7*a**3/6 - 5*a**2/2 + 9*a. Determine x(d).
1
Let g(t) = -7*t**3 + 12*t**2 - t + 15. Let i(x) = 3*x**3 - 6*x**2 + x - 7. Let n(j) = 2*g(j) + 5*i(j). Determine n(4).
-25
Let z(a) = -5*a + 1. Suppose 5*p = -0*p - 5. Determine z(p).
6
Let o(f) = 5*f**2 + 2*f - 3. Let a(p) = -p**2 - p + 1. Let n(b) = -5*b**2 - 5*b + 5. Let t(c) = 6*a(c) - n(c). Let k(w) = o(w) + 2*t(w). Give k(-1).
2
Suppose 4*m - 6*z = -2*z - 32, -2*z = 5*m + 26. Let n(w) = w - 2. Calculate n(m).
-8
Let q(g) be the first derivative of g**3/3 + g**2/2 + g - 7. Give q(-4).
13
Suppose 4*w = -58 + 22. Let k be 5/(-3)*w/3. Let u(h) = h**2 - 3*h - 5. Calculate u(k).
5
Let l(a) = -15*a + 5. Let o(f) = f - 1. Let z(u) = -l(u) - 6*o(u). Determine z(-1).
-8
Let u be ((-11)/22)/(1/2). Let n be u/2 + 1/2. Let z(a) = 6 + 3*a**2 - 2*a**2 + 0*a**2. Calculate z(n).
6
Suppose 0 = -2*w + 2 + 6. Let p(s) = s**3 - 4*s**2 + s - 4. Calculate p(w).
0
Let w(a) be the first derivative of 5*a**3/3 + 2*a**2 - 7*a - 2. Let o(x) = 14*x**2 + 12*x - 20. Let j(r) = -6*o(r) + 17*w(r). What is j(4)?
1
Let h(u) = 3*u**3 - 3*u**2 + 2*u + 4. Let c(z) = -13 + 2*z**2 + 0*z**2 - 7*z**3 + 3*z**2 + 4 - 5*z. Let k(i) = -2*c(i) - 5*h(i). Give k(5).
-2
Let i(v) = v + 1. Let m be i(-2). Let f(a) = 19*a**3 - 9*a**2 + 7*a + 9. Let r(t) = 9*t**3 - 4*t**2 + 3*t + 4. Let w(g) = 3*f(g) - 7*r(g). Determine w(m).
6
Let h(v) = -v**3 - 2*v**2 - 3. Let w(z) = 2*z - 7. Let j be w(2). What is h(j)?
6
Let b(o) = -o**3 + 3*o**2 + 5*o. Let u(g) = -g + 2. Let s be (-2)/(-4) - (-50)/(-20). Let a be u(s). Determine b(a).
4
Suppose -20 = -4*q - 24. Let b(v) = 19*v. Determine b(q).
-19
Let k(m) = m**3 + 5*m**2 + 3*m + 1. Let r(c) = c**3 + 15*c**2 + 27*c + 10. Let q be r(-13). Calculate k(q).
10
Let y(w) = 14*w + 1. Suppose 19*g = 20*g + 1. Determine y(g).
-13
Let v(w) = -w**2 - w - 1. Let m(x) = 11*x**2 + 7*x + 5. Let c(o) = -m(o) - 6*v(o). Let y be 2 + ((-1)/1)/1. Give c(y).
-5
Let r(o) = -6 + 0*o - 6*o + 0*o - o**2. Let b(x) = -x**2 - 10*x - 7. Let d be b(-9). Suppose -4*k - 14 = d. What is r(k)?
2
Let m(u) = -5*u - 1. Let p(z) = -z + 4. Let v be p(10). Let f be (2/v)/((-4)/(-12)). Determine m(f).
4
Let j be 5/(-7) - 10/35. Let t = j - -4. Let z(s) = -3*s + 3. Calculate z(t).
-6
Let a be 4 - (-3 + (-2)/(-2)). Let x(s) = -5*s**3 - s - 7 + a + s**3. Let w(z) = -2*z**2 - 2*z - 1. Let t be w(-1). What is x(t)?
4
Let v(t) = -t**2 - 7*t + 8. Let u(h) = -2*h**2 + 10*h - 14. Let j be u(4). Determine v(j).
14
Let l(q) = -3*q**3 + 4*q**2 + 8*q - 2. Let x(z) = 10*z**3 - 12*z**2 - 25*z + 5. Let o(k) = -7*l(k) - 2*x(k). Calculate o(5).
-1
Let c(k) be the third derivative of k**4/12 - 11*k**3/6 - 14*k**2. Determine c(8).
5
Let p be 8/12 - 16/6. Let u be p - 0/(-2) - -2. Let b(w) = -9*w**2 - 6*w - 1 + u*w**2 - w**3 + 3*w**2. What is b(-5)?
4
Let c be (16/56)/((-12)/(-7)). Let q(t) be the second derivative of 0 - 1/2*t**2 + c*t**3 - t. Calculate q(5).
4
Let d(t) be the first derivative of t**3/3 - 3*t**2/2 + 3*t - 1. Suppose -5*u = 5*u - 20. Determine d(u).
1
Let u(j) = 9*j**2 + 2*j + 1. Let z(a) = a**3 - 3*a**2 + 5*a - 7. Let o be z(2). Calculate u(o).
8
Let g(k) = k**3 - k**2 + 1. Suppose -2 = -4*v - 3*s, -3*s = -v - v + 10. Let c be g(v). Let z(h) = c*h**2 + 3 - 3 - h. Calculate z(1).
4
Let i(m) = 2*m**2 + m + 1. Let p(s) = s - 3. Let u be p(2). Determine i(u).
2
Let b(y) be the second derivative of y**4/3 - y**3/2 + y**2/2 + 21*y. Calculate b(2).
11
Suppose t + 3*a - 13 - 1 = 0, -7 = -3*t - 2*a. Let r = 3 + t. Let n(l) = -l**3 - 2*l**3 - 2*l**r - 1 + 5*l**3 + 2*l. Determine n(1).
1
Let s = -3/59 + 149/1770. Let n(h) be the third derivative of -s*h**5 + 0*h - 1/12*h**4 + 0*h**3 - 2*h**2 + 0. What is n(-2)?
-4
Let q(l) = l + 13. Let y(f) = f**2 + 18*f + 9. Let g be y(-17). Determine q(g).
5
Let m = 1 + 2. Let z(k) = 5*k - m*k**3 - k**3 - 2*k**2 + 3*k**3 + 7*k**2. Calculate z(6).
-6
Suppose 0*u = -2*u + 3*b + 13, 8 = -2*u 